 32307 - 343947. What is the units digit of o?
9
Suppose 900*g - 120 = 895*g. Suppose -21*d = -g*d + 4488. What is the units digit of d?
6
Let w = -56476 + 89131. What is the thousands digit of w?
2
Let p(r) = -43*r - 125. Let z be p(-11). Suppose 0 = -4*b + 3*h + 1736, b - 86 = -4*h + z. What is the hundreds digit of b?
4
Let y = 61370 + -23396. What is the tens digit of y?
7
Suppose -14029 = 46*u - 47*u - 3*a, 56050 = 4*u + a. What is the ten thousands digit of u?
1
Let h(p) = -p**3 - 11*p**2 - 9*p + 2. Let m be h(-5). Let y = m - -106. What is the units digit of (1 + -2)/(y/(-732))?
4
Suppose 20776 = 5*y - 4*j, -155*y + 20740 = -150*y + 5*j. What is the tens digit of y?
5
Suppose 8429 = 19*n - 51497. What is the tens digit of n?
5
Let v = 231 - 172. Let x = v - -46. What is the tens digit of x?
0
Let x(g) = -3978 + g**2 + 3950 + 2*g**2 - 4*g. What is the units digit of x(10)?
2
Let j(k) = 367*k + 726. What is the hundreds digit of j(17)?
9
Let y(q) = -140*q**2. Let h be y(-1). Let b = h + 219. What is the units digit of b?
9
Let n(c) = 36*c**2 - 2317*c + 140. What is the hundreds digit of n(72)?
9
What is the hundreds digit of -126*(272/(-24))/(2/6)?
2
Suppose -r + 2*v = 4*r - 2124, -3*v = -4*r + 1695. Let q = 530 + r. What is the units digit of q?
6
Suppose -10847 = -g + 5*t, 21610 = -14*g + 16*g + 4*t. What is the ten thousands digit of g?
1
Let t = 11759 - 5085. What is the tens digit of t?
7
What is the thousands digit of (15 - 32) + 16206 + -6?
6
Suppose 33426 + 34656 = 42*d. What is the tens digit of d?
2
Let j(f) = -3*f**3 - 6*f**2 + 5*f + 5. Let w be j(-5). Suppose -212*h - 625 = -207*h. Let m = h + w. What is the units digit of m?
0
Suppose 34547 = 9*v - 10489. What is the hundreds digit of v?
0
Suppose -2*h - o + 27 + 10063 = 0, -4*h = -o - 20180. What is the hundreds digit of h?
0
Let c be 660 + (-2)/(-2) - 15/(-3). Let y = -285 + c. What is the units digit of y?
1
Suppose 0*z = 2*z, 35*z = n + 33*z - 62552. What is the hundreds digit of n?
5
Let c = -5429 + 9930. What is the thousands digit of c?
4
Suppose -5*s = y - 0*s - 22, -y + 4*s - 14 = 0. Suppose -y*h + 3*h - 6 = 0. Suppose -523 - 227 = -h*t. What is the tens digit of t?
2
Suppose 1568 = 214*t - 206*t. What is the tens digit of (t/(-35) + 5)/(1/(-1245))?
4
Suppose 2*b - q + 1546 = -2*q, 0 = 3*q + 6. Let x = 433 + b. What is the units digit of (x/6)/(-1) + (-1)/2?
6
Let i be ((-28)/(-8) + -5)/((-2)/4). Suppose 3*u = 2*q + 16, -i*q - 24 = -2*u + q. Let x(l) = 59*l - 5. What is the tens digit of x(u)?
1
Let y(a) = -a**3 + 61*a**2 - 3*a + 77. What is the hundreds digit of y(58)?
9
Let g(r) = -r**3 + 2*r**2 - r - 4. Let w be g(2). Let i(v) = v**3 + 4*v**2 - 8*v + 4. Let t be i(w). Let d = t - -103. What is the units digit of d?
3
Let g = 37361 + 12629. What is the thousands digit of g?
9
Let r(t) = -t**3 - 9*t**2 - 11*t - 39. What is the thousands digit of r(-24)?
8
Let y = 31940 + -3966. What is the thousands digit of y?
7
Let r(b) = -3*b**3 - 182*b**2 + 89*b - 87. What is the ten thousands digit of r(-63)?
2
Let m = -470 - -470. Suppose -12*l + 12372 = -m*l. What is the hundreds digit of l?
0
Suppose -106859 - 2029516 = -81*w. What is the tens digit of w?
7
Let q(w) = 1875*w**2 + 14*w + 27. What is the tens digit of q(-3)?
6
Suppose 141*m = -3*a + 146*m + 18813, 5*m = -5*a + 31395. What is the tens digit of a?
7
Let s = 10740 + -3072. What is the thousands digit of s?
7
Suppose 11*y = -21*y + 10*y + 306350. What is the tens digit of y?
2
Let m(c) = 302*c + 19. Let r be -2 - (2 + 7)/(-3). What is the hundreds digit of m(r)?
3
Suppose -214*c + 1745090 - 689642 = 0. What is the thousands digit of c?
4
Suppose 20*j + 20923 = 22*j + 5*q, 0 = -2*j + 4*q + 20932. What is the tens digit of j?
6
Let r be (-6)/(-135)*3 - (-2128)/240. Suppose -1161 = -r*q + 702. What is the units digit of q?
7
Let v be ((-200)/12)/5 + (-4)/6. Let j(m) = m**3 + 3*m**2 - 6*m - 4. Let k be j(v). Suppose -k*g + g + 117 = 0. What is the units digit of g?
9
Suppose -4*f + 3*b + b = -1452, -2 = b. Suppose -2*o = -4*p - 184 - 186, 4*p - 5*o + f = 0. What is the tens digit of p/(-1)*(6 - 5)?
9
Let m = -43 + 86. Let b = m + -38. Suppose -2*t + t - b*o + 135 = 0, 350 = 3*t + 4*o. What is the units digit of t?
0
Suppose 10*x + 31 = 11. What is the hundreds digit of 29624/14*x/(-8)?
5
Let l be (4352/18)/(-8) + 2/9. Let a = l - -42. Suppose r = -0*r + a. What is the tens digit of r?
1
What is the hundreds digit of 3/((-3)/(-8)) + (-5305176)/(-324)?
3
Let h(s) = -831*s + 864. What is the tens digit of h(-3)?
5
Let v = -531 + 679. Let a = -37 + v. What is the tens digit of a?
1
Let v be (3 - (0 + 1))/((-146)/(-186953)). Suppose -v = 9*s - 9131. What is the units digit of s?
0
Let x = 8855 + -2057. What is the thousands digit of x?
6
Suppose 0*g = 4*g - 1548. Let r = g + 178. What is the tens digit of r?
6
Let j = 55 - 54. What is the units digit of 5 + (12 - (j + 7))?
9
Let y(k) = 2277*k + 784. What is the ten thousands digit of y(6)?
1
What is the thousands digit of (154240/(-3))/(-32)*(-6)/(-5)?
1
Suppose -525 = -6*p + p. Let n(f) = 194*f - 731. Let d be n(4). Suppose -d - p = -3*m. What is the units digit of m?
0
What is the hundreds digit of (197/(-591))/((-12)/267021*(-2)/(-8))?
6
Let h(v) = -212*v - 1. Let b be h(-2). Let m be (5 - -247)/((-9)/(-6)) + -5. Let q = b - m. What is the tens digit of q?
6
Let d(h) = -7373*h - 43. What is the tens digit of d(-3)?
7
Let i(l) = -8*l**3 - 11*l**2 - 24*l - 6. Suppose -n + q = 3*n + 18, -28 = 5*n - 4*q. What is the hundreds digit of i(n)?
4
Suppose 33 = 2*c + c + 3*d, 0 = 2*c + 3*d - 27. Let r(h) be the second derivative of 17*h**3/6 + h**2/2 + h - 53. What is the tens digit of r(c)?
0
Suppose -131062 - 80504 = -24*t - 16686. What is the hundreds digit of t?
1
Let b(k) = -2*k**2 + 6*k - 11. Let t be b(5). Let n = t + 27. What is the tens digit of (n - -68) + -1*(-2)/(-2)?
6
Let h = -110 - -115. Suppose 4*l + 12 = 0, -1964 = -2*u + h*l - 3*l. What is the units digit of u?
9
Let y be (2/(-2) - 2/1) + 14. Let d(m) = -m**3 - 3*m**2 - 2*m + 4. Let h be d(-2). Suppose h*l = y*l - 266. What is the tens digit of l?
3
Let o be ((-7527)/(-9) + -1)/(10/(-15)). What is the hundreds digit of 358/o + (-6794)/(-14) + 0?
4
Suppose -340*z - 518*z + 299*z = -20341451. What is the ten thousands digit of z?
3
Let q be (-4)/(0 + -1) - 1. Let l = -5733 + 5773. What is the tens digit of 1776/l - q/(-5)?
4
Let t = -51 - -54. Suppose -1354 - 320 = -3*w - h, 5*w - 2786 = -t*h. What is the hundreds digit of w?
5
What is the tens digit of 358616/72 - (-2)/9?
8
Let r = -64 - -69. Suppose -12 = 4*b + 5*l, 17 = 4*b - r*l - 11. Suppose z - 4*p - 72 = 0, -2*p - b*p - 124 = -2*z. What is the tens digit of z?
5
Let q(f) = 491*f + 747. What is the hundreds digit of q(0)?
7
Let y = -131 - -540. What is the hundreds digit of 69/23 - -1*y?
4
Suppose -p - 24 = -89. Suppose 328 + p = -3*t + 3*n, t - 2*n + 134 = 0. Let s = t - -198. What is the tens digit of s?
7
Let p(d) = -9*d**2 + 52 + 11*d + 14*d**2 - 4*d**2. Let h be p(-5). Let f = 64 + h. What is the tens digit of f?
8
Suppose 0 = 304*p - 15900351 + 5076735. What is the ten thousands digit of p?
3
Let v(d) = 10*d**2 + 11*d + 75. Let l be v(12). Suppose 0 = 4*s + q - 6461, -s - 4*q + l = 43. What is the thousands digit of s?
1
Let f = 4619 + -1475. What is the thousands digit of f?
3
Let n be ((-7)/(-14))/(((-1)/(-4))/1). Suppose -3*g - 4*b = -278, -4*b - 2 - n = 0. Suppose 11*a - g - 324 = 0. What is the tens digit of a?
3
Suppose 2*d + d = 2*d. Let v = 251 - 120. Suppose d = 5*t - v - 39. What is the units digit of t?
4
Let s(d) = 3197*d - 1459. What is the units digit of s(14)?
9
Suppose 50*o + 258 = 51*o. What is the tens digit of (-14)/(1 - o/254)?
8
What is the hundreds digit of -812*17/(816/(-228))?
8
Suppose h = -44 + 30. Let w(z) = 3*z**2 + 25*z - 12. What is the tens digit of w(h)?
2
Suppose -307*c + 2959997 = -7625312 + 619475. What is the ten thousands digit of c?
3
Suppose -s = -2*r - 4, 5*s - r = 2*s + 2. What is the tens digit of (5 - s) + (-1)/((-6)/5532)?
2
Suppose 2*c = -3*k - 3201, -2*c - 3*k + 8055 = -7*c. Let p = -1138 - c. What is the hundreds digit of p?
4
Suppose -4*o - 16 = -5*m, 14*m - 13*m - 3 = o. Suppose 0 = -m*i, -3*x - 13*i